{"id":589,"date":"2025-01-17T18:17:46","date_gmt":"2025-01-17T21:17:46","guid":{"rendered":"https:\/\/museolaslilas.org\/tienda\/?post_type=product&#038;p=589"},"modified":"2025-08-27T13:21:37","modified_gmt":"2025-08-27T16:21:37","slug":"curiosidades-de-don-florencio","status":"publish","type":"product","link":"https:\/\/museolaslilas.org\/tienda\/producto\/curiosidades-de-don-florencio\/","title":{"rendered":"Curiosidades de don Florencio"},"content":{"rendered":"<p><strong>Cat\u00e1logo de la muestra \"Curiosidades de don Florencio\" presentada por el Museo Las Lilas en noviembre de 2012. <\/strong><\/p>\n<p>La obra de Florencio Molina Campos, reconocido popularmente por los almanaques de Alpargatas, posee facetas menos difundidas y no por ello menos interesantes. Tal es el caso de \"Los Picapiedras Criollos\", la serie de cuadros humor\u00edsticos protagonizada por personajes de la Edad de Piedra publicada en el diario <em>La Raz\u00f3n<\/em> entre 1926 y 1930, que lo puso en contacto con el gran p\u00fablico.<\/p>\n<p>Este cat\u00e1logo re\u00fane una selecci\u00f3n de estos cuadros, as\u00ed como tambi\u00e9n sus primeras obras y trabajos de otros per\u00edodos, acompa\u00f1ados de an\u00e9cdotas que revelan aspectos desconocidos de su vida, como su estad\u00eda en Mar del Plata, su paso por Nueva York, su relaci\u00f3n con Walt Disney y otras personalidades del mundo cultural y art\u00edstico de su \u00e9poca.<\/p>\n<p>Las obras exhibidas, acompa\u00f1adas de textos de investigaci\u00f3n, se complementan con una biograf\u00eda cronol\u00f3gica del artista.<\/p>\n<p>P\u00e1ginas: 57<br \/>\nDimensiones: 21 \u00d7 21 cm<br \/>\nPeso: 0,5 kg<\/p>\n","protected":false},"excerpt":{"rendered":"<p>Cat\u00e1logo de la muestra \"Curiosidades de don Florencio\" presentada el Museo Las Lilas en 2012<\/p>\n","protected":false},"featured_media":711,"comment_status":"open","ping_status":"closed","template":"","meta":[],"product_brand":[],"product_cat":[24],"product_tag":[],"class_list":{"0":"post-589","1":"product","2":"type-product","3":"status-publish","4":"has-post-thumbnail","6":"product_cat-publicaciones-museo-las-lilas","8":"first","9":"instock","10":"taxable","11":"shipping-taxable","12":"purchasable","13":"product-type-simple"},"_links":{"self":[{"href":"https:\/\/museolaslilas.org\/tienda\/wp-json\/wp\/v2\/product\/589","targetHints":{"allow":["GET"]}}],"collection":[{"href":"https:\/\/museolaslilas.org\/tienda\/wp-json\/wp\/v2\/product"}],"about":[{"href":"https:\/\/museolaslilas.org\/tienda\/wp-json\/wp\/v2\/types\/product"}],"replies":[{"embeddable":true,"href":"https:\/\/museolaslilas.org\/tienda\/wp-json\/wp\/v2\/comments?post=589"}],"wp:featuredmedia":[{"embeddable":true,"href":"https:\/\/museolaslilas.org\/tienda\/wp-json\/wp\/v2\/media\/711"}],"wp:attachment":[{"href":"https:\/\/museolaslilas.org\/tienda\/wp-json\/wp\/v2\/media?parent=589"}],"wp:term":[{"taxonomy":"product_brand","embeddable":true,"href":"https:\/\/museolaslilas.org\/tienda\/wp-json\/wp\/v2\/product_brand?post=589"},{"taxonomy":"product_cat","embeddable":true,"href":"https:\/\/museolaslilas.org\/tienda\/wp-json\/wp\/v2\/product_cat?post=589"},{"taxonomy":"product_tag","embeddable":true,"href":"https:\/\/museolaslilas.org\/tienda\/wp-json\/wp\/v2\/product_tag?post=589"}],"curies":[{"name":"wp","href":"https:\/\/api.w.org\/{rel}","templated":true}]}}