{"id":89,"date":"2024-05-15T15:21:45","date_gmt":"2024-05-15T15:21:45","guid":{"rendered":"https:\/\/museolaslilas.org\/tienda\/?post_type=product&#038;p=89"},"modified":"2025-12-20T16:54:21","modified_gmt":"2025-12-20T19:54:21","slug":"coleccion-collazo-testimonios-de-identidad","status":"publish","type":"product","link":"https:\/\/museolaslilas.org\/tienda\/producto\/coleccion-collazo-testimonios-de-identidad\/","title":{"rendered":"Colecci\u00f3n Collazo: testimonios de identidad"},"content":{"rendered":"<p><strong>Cat\u00e1logo de la muestra \"Testimonios de Identidad. Colecci\u00f3n Collazo\" presentada en el Museo Las Lilas en 2023<\/strong><\/p>\n<p>El profundo inter\u00e9s de Oscar Collazo, creador de la colecci\u00f3n, por las culturas abor\u00edgenes se hace evidente en su pr\u00e1ctica como coleccionista as\u00ed como tambi\u00e9n su sensibilidad est\u00e9tica, que lo ha llevado a buscar e incorporar plater\u00eda criolla, tanto de uso civil como religioso y rural.<\/p>\n<p>En las p\u00e1ginas de este cat\u00e1logo se reproducen cada una de las piezas exhibidas, junto con sus fichas y una esmerada selecci\u00f3n de detalles.<\/p>\n<p>P\u00e1ginas: 216<br \/>\nDimensiones: 21 \u00d7 21 cm<br \/>\nPeso: 0,5 kg<\/p>\n","protected":false},"excerpt":{"rendered":"<p>Cat\u00e1logo de la muestra \"Testimonios de Identidad. Colecci\u00f3n Collazo\" presentada en el Museo Las Lilas en 2023<\/p>\n","protected":false},"featured_media":709,"comment_status":"open","ping_status":"closed","template":"","meta":[],"product_brand":[],"product_cat":[24],"product_tag":[],"class_list":{"0":"post-89","1":"product","2":"type-product","3":"status-publish","4":"has-post-thumbnail","6":"product_cat-publicaciones-museo-las-lilas","8":"first","9":"instock","10":"featured","11":"taxable","12":"shipping-taxable","13":"purchasable","14":"product-type-simple"},"_links":{"self":[{"href":"https:\/\/museolaslilas.org\/tienda\/wp-json\/wp\/v2\/product\/89","targetHints":{"allow":["GET"]}}],"collection":[{"href":"https:\/\/museolaslilas.org\/tienda\/wp-json\/wp\/v2\/product"}],"about":[{"href":"https:\/\/museolaslilas.org\/tienda\/wp-json\/wp\/v2\/types\/product"}],"replies":[{"embeddable":true,"href":"https:\/\/museolaslilas.org\/tienda\/wp-json\/wp\/v2\/comments?post=89"}],"wp:featuredmedia":[{"embeddable":true,"href":"https:\/\/museolaslilas.org\/tienda\/wp-json\/wp\/v2\/media\/709"}],"wp:attachment":[{"href":"https:\/\/museolaslilas.org\/tienda\/wp-json\/wp\/v2\/media?parent=89"}],"wp:term":[{"taxonomy":"product_brand","embeddable":true,"href":"https:\/\/museolaslilas.org\/tienda\/wp-json\/wp\/v2\/product_brand?post=89"},{"taxonomy":"product_cat","embeddable":true,"href":"https:\/\/museolaslilas.org\/tienda\/wp-json\/wp\/v2\/product_cat?post=89"},{"taxonomy":"product_tag","embeddable":true,"href":"https:\/\/museolaslilas.org\/tienda\/wp-json\/wp\/v2\/product_tag?post=89"}],"curies":[{"name":"wp","href":"https:\/\/api.w.org\/{rel}","templated":true}]}}